s the highest common factor of 1391 and 4043316?
107
Calculate the highest common divisor of 8366 and 798953.
4183
What is the greatest common divisor of 6573 and 4123775?
313
Calculate the greatest common factor of 197305 and 305.
5
What is the highest common divisor of 67755305 and 717?
239
What is the greatest common divisor of 28258290 and 18?
18
What is the greatest common divisor of 70 and 79929745?
35
What is the greatest common factor of 141 and 18338084?
47
Calculate the greatest common factor of 939 and 69212438.
313
Calculate the highest common factor of 4365696 and 832.
64
Calculate the greatest common divisor of 471199 and 4226.
2113
What is the greatest common divisor of 3115 and 642077506?
623
Calculate the highest common divisor of 7791 and 33150558.
147
What is the greatest common divisor of 341929 and 189?
7
What is the highest common divisor of 145756114 and 56?
14
Calculate the highest common divisor of 3288 and 5595636.
12
Calculate the highest common factor of 840 and 11871111.
21
What is the greatest common divisor of 1761407076 and 1716?
1716
What is the greatest common factor of 1379 and 104398?
7
What is the greatest common factor of 135538 and 13233?
401
What is the highest common factor of 3093636 and 20748?
1092
Calculate the greatest common factor of 170456 and 242.
22
What is the highest common divisor of 1283375 and 250?
125
What is the highest common divisor of 12577124 and 39249?
4361
What is the highest common factor of 16 and 18330016?
16
Calculate the greatest common divisor of 635 and 13190.
5
Calculate the highest common divisor of 66620912 and 18880.
944
What is the greatest common divisor of 78 and 1090662?
6
What is the highest common divisor of 1489808 and 16?
16
Calculate the greatest common divisor of 25973684 and 4180.
836
What is the highest common divisor of 111416 and 10488?
152
What is the highest common divisor of 770977 and 150574?
953
What is the highest common divisor of 38 and 6170345?
19
Calculate the highest common factor of 50268 and 38946.
6
What is the greatest common factor of 20189377 and 299?
299
What is the greatest common divisor of 162539113 and 74?
37
Calculate the highest common factor of 43334775 and 100.
25
Calculate the greatest common divisor of 24 and 1018852.
4
Calculate the greatest common factor of 22730 and 45190.
10
Calculate the highest common divisor of 48733796 and 53858.
7694
What is the highest common divisor of 7911100 and 125?
25
What is the highest common divisor of 24292057 and 139?
139
What is the highest common divisor of 22400 and 6052480?
4480
Calculate the highest common factor of 12642 and 2374589.
2107
Calculate the highest common factor of 452985 and 191659.
299
What is the highest common divisor of 12798 and 371466?
162
What is the greatest common factor of 6148 and 43195?
53
What is the highest common factor of 5830 and 4516130?
530
What is the highest common divisor of 6989343 and 5045?
1009
Calculate the greatest common factor of 20 and 2286244.
4
What is the greatest common factor of 3873226 and 1596?
266
Calculate the highest common factor of 4890 and 40.
10
Calculate the greatest common factor of 133495065 and 495.
495
Calculate the highest common factor of 2 and 3741022.
2
What is the highest common factor of 886137 and 168?
21
What is the highest common factor of 149532732 and 72?
36
Calculate the greatest common factor of 1588140 and 3485.
85
What is the highest common factor of 140 and 57761984?
28
Calculate the highest common factor of 1140 and 34292796.
228
What is the greatest common factor of 28 and 106553286?
14
Calculate the highest common factor of 36518 and 20197.
19
What is the greatest common divisor of 674521002 and 211?
211
Calculate the highest common divisor of 10534 and 89386486.
458
Calculate the greatest common divisor of 17768702 and 2534.
14
Calculate the greatest common divisor of 358222 and 47.
1
What is the greatest common factor of 848 and 1146576?
16
Calculate the highest common divisor of 1125 and 37087830.
45
Calculate the greatest common divisor of 9275670 and 76590.
2070
What is the greatest common factor of 1027159 and 4788?
133
Calculate the greatest common divisor of 479478309 and 8142.
4071
Calculate the greatest common divisor of 375176 and 62836.
92
What is the greatest common divisor of 12275315 and 12775?
365
Calculate the greatest common divisor of 95771 and 149513.
689
Calculate the greatest common factor of 43 and 532267.
1
Calculate the highest common factor of 502060541 and 323.
323
What is the greatest common divisor of 3780861 and 4977?
1659
What is the greatest common factor of 160 and 250577120?
160
What is the greatest common divisor of 5440 and 734560?
160
What is the highest common divisor of 568845 and 369?
9
Calculate the greatest common factor of 5876 and 327626.
26
What is the highest common divisor of 26921268 and 1290?
258
What is the greatest common factor of 113900796 and 2284?
2284
Calculate the greatest common divisor of 10095 and 2111385.
15
What is the highest common factor of 9987164 and 440?
44
What is the greatest common divisor of 268872 and 156183?
1977
What is the greatest common divisor of 12444 and 16332240?
204
Calculate the highest common divisor of 219 and 759127.
73
What is the highest common divisor of 8785980 and 105336?
4788
What is the greatest common divisor of 16863932 and 2652?
68
Calculate the greatest common divisor of 360729 and 1899.
9
What is the highest common divisor of 2392 and 14028482?
598
Calculate the greatest common factor of 736 and 227516.
92
What is the greatest common divisor of 365651 and 78221?
143
What is the greatest common factor of 1569128 and 76714?
242
What is the highest common factor of 3300 and 1453425?
75
What is the highest common divisor of 853 and 177119479?
853
Calculate the greatest common factor of 75 and 184556565.
15
Calculate the greatest common divisor of 68541 and 7051683.
201
Calculate the highest common divisor of 4735908 and 10764.
36
Calculate the highest common factor of 24 and 21510432.
24
Calculate the highest common factor of 103663293 and 984.
123
Calculate the greatest common factor of 49486659 and 114.
57
Calculate the highest common factor of 343911643 and 79336.
9917
What is the highest common divisor of 4281424 and 1680?
112
What is the greatest common factor of 399 and 343556157?
399
Calculate the highest common divisor of 1322951 and 6118.
133
What is the highest common divisor of 253011 and 7578481?
697
What is the highest common factor of 60041815 and 11140?
2785
Calculate the greatest common divisor of 48949197 and 99.
33
Calculate the highest common divisor of 51001214 and 88.
22
Calculate the highest common factor of 385262649 and 121797.
9369
Calculate the greatest common divisor of 16 and 421128352.
16
What is the highest common divisor of 10179 and 206660844?
3393
What is the highest common factor of 108 and 58053432?
12
Calculate the highest common factor of 9423 and 38390.
349
Calculate the greatest common factor of 697834137 and 1274.
637
What is the highest common divisor of 33810 and 34132?
322
What is the greatest common factor of 75796665 and 2961?
987
Calculate the highest common divisor of 180 and 145744380.
180
What is the greatest common divisor of 139825 and 165291?
119
Calculate the greatest common divisor of 874 and 3050678.
38
What is the greatest common factor of 960 and 4480380?
60
What is the greatest common divisor of 36 and 93280980?
12
Calculate the greatest common factor of 242 and 33399872.
242
What is the highest common divisor of 4944 and 32408?
8
Calculate the highest common divisor of 285505627 and 11.
11
Calculate the greatest common divisor of 10594625 and 655.
655
What is the greatest common factor of 1288 and 3497299316?
644
What is the highest common divisor of 32064136 and 6448?
104
What is the greatest common divisor of 3170 and 66016201?
317
What is the highest common divisor of 15174024 and 72?
24
Calculate the highest common factor of 500 and 229115500.
500
Calculate the highest common factor of 109069335 and 31050.
3105
What is the highest common divisor of 24 and 5056592?
8
What is the highest common factor of 28 and 152334280?
28
What is the highest commo